{"id":1406,"date":"2022-09-21T13:10:17","date_gmt":"2022-09-21T13:10:17","guid":{"rendered":"https:\/\/hephaistos.live\/?page_id=1406"},"modified":"2025-02-02T11:17:23","modified_gmt":"2025-02-02T11:17:23","slug":"contact","status":"publish","type":"page","link":"https:\/\/hephaistos.live\/index.php\/contact\/","title":{"rendered":"Contact"},"content":{"rendered":"\n<p><a href=\"mailto:contact@hephaistos.live\">contact@hephaistos.live<\/a><\/p>\n\n\n\n<p>Nicolas Leroux \/ H\u00e9pha\u00efstos<\/p>\n\n\n\n<p>37, avenue Gustave Dollfus \u2013 68400 RIEDISHEIM<\/p>\n\n\n\n<p>+33 6 60 78 21 37<\/p>\n\n\n\n<p><strong>&nbsp;<\/strong><\/p>\n\n\n\n<p><strong>Mentions l\u00e9gales<\/strong><\/p>\n\n\n\n<p>Site publi\u00e9 par la micro-entreprise \u00ab&nbsp;H\u00e9pha\u00efstos&nbsp;\u00bb, g\u00e9r\u00e9e par Nicolas Leroux. Si\u00e8ge social&nbsp;: 16, rue Sarrette, 75014 Paris \u2013 France. Num\u00e9ro de SIRET&nbsp;: 91447646000011<\/p>\n\n\n\n<p>Responsable de la publication&nbsp;: Nicolas Leroux (nic_leroux[at]yahoo.fr)<\/p>\n\n\n\n<p>H\u00e9bergeur : Hostinger \u2013 Rue Jonavos 60C 44192 Kaunas, Lituanie +37064503378<\/p>\n","protected":false},"excerpt":{"rendered":"<p>contact@hephaistos.live Nicolas Leroux \/ H\u00e9pha\u00efstos 37, avenue Gustave Dollfus \u2013 68400 RIEDISHEIM +33 6 60 78 21 37 &nbsp; Mentions l\u00e9gales Site publi\u00e9 par la micro-entreprise \u00ab&nbsp;H\u00e9pha\u00efstos&nbsp;\u00bb, g\u00e9r\u00e9e par Nicolas Leroux. Si\u00e8ge social&nbsp;: 16, rue Sarrette, 75014 Paris \u2013 France. Num\u00e9ro de SIRET&nbsp;: 91447646000011 Responsable de la publication&nbsp;: Nicolas Leroux (nic_leroux[at]yahoo.fr) H\u00e9bergeur : Hostinger \u2013 &hellip;<\/p>\n<p class=\"read-more\"> <a class=\"\" href=\"https:\/\/hephaistos.live\/index.php\/contact\/\"> <span class=\"screen-reader-text\">Contact<\/span> Lire la suite\u00a0\u00bb<\/a><\/p>\n","protected":false},"author":1,"featured_media":0,"parent":0,"menu_order":6,"comment_status":"closed","ping_status":"closed","template":"","meta":{"om_disable_all_campaigns":false,"_monsterinsights_skip_tracking":false,"_monsterinsights_sitenote_active":false,"_monsterinsights_sitenote_note":"","_monsterinsights_sitenote_category":0,"site-sidebar-layout":"default","site-content-layout":"default","ast-global-header-display":"","ast-main-header-display":"","ast-hfb-above-header-display":"","ast-hfb-below-header-display":"","ast-hfb-mobile-header-display":"","site-post-title":"","ast-breadcrumbs-content":"","ast-featured-img":"","footer-sml-layout":"","theme-transparent-header-meta":"","adv-header-id-meta":"","stick-header-meta":"","header-above-stick-meta":"","header-main-stick-meta":"","header-below-stick-meta":""},"aioseo_notices":[],"uagb_featured_image_src":{"full":false,"thumbnail":false,"medium":false,"medium_large":false,"large":false,"1536x1536":false,"2048x2048":false},"uagb_author_info":{"display_name":"nic_leroux@yahoo.fr","author_link":"https:\/\/hephaistos.live\/index.php\/author\/nic_lerouxyahoo-fr\/"},"uagb_comment_info":0,"uagb_excerpt":"contact@hephaistos.live Nicolas Leroux \/ H\u00e9pha\u00efstos 37, avenue Gustave Dollfus \u2013 68400 RIEDISHEIM +33 6 60 78 21 37 &nbsp; Mentions l\u00e9gales Site publi\u00e9 par la micro-entreprise \u00ab&nbsp;H\u00e9pha\u00efstos&nbsp;\u00bb, g\u00e9r\u00e9e par Nicolas Leroux. Si\u00e8ge social&nbsp;: 16, rue Sarrette, 75014 Paris \u2013 France. Num\u00e9ro de SIRET&nbsp;: 91447646000011 Responsable de la publication&nbsp;: Nicolas Leroux (nic_leroux[at]yahoo.fr) H\u00e9bergeur : Hostinger \u2013\u2026","_links":{"self":[{"href":"https:\/\/hephaistos.live\/index.php\/wp-json\/wp\/v2\/pages\/1406"}],"collection":[{"href":"https:\/\/hephaistos.live\/index.php\/wp-json\/wp\/v2\/pages"}],"about":[{"href":"https:\/\/hephaistos.live\/index.php\/wp-json\/wp\/v2\/types\/page"}],"author":[{"embeddable":true,"href":"https:\/\/hephaistos.live\/index.php\/wp-json\/wp\/v2\/users\/1"}],"replies":[{"embeddable":true,"href":"https:\/\/hephaistos.live\/index.php\/wp-json\/wp\/v2\/comments?post=1406"}],"version-history":[{"count":5,"href":"https:\/\/hephaistos.live\/index.php\/wp-json\/wp\/v2\/pages\/1406\/revisions"}],"predecessor-version":[{"id":1489,"href":"https:\/\/hephaistos.live\/index.php\/wp-json\/wp\/v2\/pages\/1406\/revisions\/1489"}],"wp:attachment":[{"href":"https:\/\/hephaistos.live\/index.php\/wp-json\/wp\/v2\/media?parent=1406"}],"curies":[{"name":"wp","href":"https:\/\/api.w.org\/{rel}","templated":true}]}}